4?
False
Is 156234872 a multiple of 19?
True
Is 34058669 a multiple of 439?
False
Is 1040274515 a multiple of 145?
True
Does 42 divide 51074016?
True
Is 344 a factor of 596793216?
True
Does 57 divide 12554201?
False
Does 27 divide 166022503?
False
Does 407 divide 3901158492?
True
Does 3107 divide 14969526?
True
Does 1145 divide 3355730493?
False
Is 9064203 a multiple of 2307?
True
Is 207304556 a multiple of 194?
False
Does 20 divide 212959440?
True
Is 310395172 a multiple of 38?
True
Is 630630843 a multiple of 19?
True
Is 379589508 a multiple of 366?
False
Is 1630 a factor of 2367398960?
True
Is 647907840 a multiple of 4149?
True
Does 279 divide 800043660?
True
Is 93 a factor of 24115644?
True
Is 3804459 a multiple of 843?
True
Is 53993136 a multiple of 38?
True
Is 203132242 a multiple of 2003?
True
Is 10 a factor of 1434180?
True
Is 18 a factor of 1055664?
True
Is 5266926 a multiple of 68?
False
Is 39 a factor of 2196059009?
False
Is 9 a factor of 33368437?
False
Is 472 a factor of 775359977?
False
Does 16 divide 7378090?
False
Is 23512674 a multiple of 669?
True
Does 246 divide 68480776?
False
Does 493 divide 405404922?
False
Does 712 divide 65283604?
False
Does 212 divide 24533655?
False
Is 826701930 a multiple of 76?
False
Is 34922243 a multiple of 170?
False
Is 20 a factor of 2490884?
False
Does 14 divide 1050366828?
True
Does 3823 divide 13114721?
False
Does 29 divide 1925456649?
False
Does 14 divide 55632024?
True
Is 54138430 a multiple of 10?
True
Does 547 divide 104327122?
True
Is 2095 a factor of 121939545?
False
Does 365 divide 194402463?
False
Does 8 divide 1121728741?
False
Is 579 a factor of 45852845?
False
Does 9 divide 56595850?
False
Is 19824514 a multiple of 15?
False
Is 2914220 a multiple of 10?
True
Does 121 divide 288010008?
True
Does 29 divide 16153600?
False
Does 614 divide 8335831?
False
Is 11340659 a multiple of 11?
True
Is 252730581 a multiple of 57?
False
Is 16617273 a multiple of 1759?
True
Is 26265573 a multiple of 60?
False
Does 423 divide 146504251?
False
Is 12278334 a multiple of 109?
False
Is 216 a factor of 2103975000?
True
Is 7784 a factor of 3175436578?
False
Is 1240 a factor of 857245036?
False
Is 3665474067 a multiple of 10?
False
Does 14 divide 549441143?
False
Is 500941219 a multiple of 3695?
False
Is 11 a factor of 90683703?
True
Is 545718988 a multiple of 1205?
False
Is 403 a factor of 155717185?
True
Is 184401738 a multiple of 173?
True
Is 1556019212 a multiple of 2626?
False
Is 85951404 a multiple of 36?
True
Is 238 a factor of 902029282?
True
Is 15 a factor of 345277725?
True
Is 1998486 a multiple of 63?
True
Is 5921783 a multiple of 196?
False
Does 84 divide 815898615?
False
Does 13 divide 8403992?
False
Does 211 divide 20676142?
False
Is 1345619544 a multiple of 2252?
True
Does 6 divide 8155506?
True
Is 31 a factor of 10841466?
False
Does 75 divide 99773342?
False
Does 4 divide 268268775?
False
Is 1752591901 a multiple of 19?
True
Is 298 a factor of 28601737?
False
Is 561 a factor of 202894626?
True
Does 115 divide 510177147?
False
Is 3 a factor of 456246836?
False
Is 2049 a factor of 2685474723?
True
Is 209589241 a multiple of 46?
False
Is 22838990 a multiple of 370?
True
Is 124 a factor of 144731871?
False
Is 532 a factor of 108890292?
True
Does 54 divide 708616373?
False
Is 13 a factor of 442444536?
False
Does 111 divide 133042824?
True
Is 177 a factor of 4874403?
True
Is 611913 a multiple of 11?
False
Does 183 divide 25741878?
True
Does 53 divide 133401?
True
Is 501 a factor of 564250749?
True
Is 19 a factor of 4953238?
False
Is 8 a factor of 612258121?
False
Is 3907 a factor of 617942644?
False
Does 21 divide 1821484261?
False
Is 7433985 a multiple of 39?
True
Is 37225635 a multiple of 3?
True
Is 145 a factor of 35763619?
False
Does 261 divide 990528542?
False
Is 17043532 a multiple of 1073?
True
Does 107 divide 6178298?
False
Is 25 a factor of 1532450?
True
Does 74 divide 71786812?
False
Is 196561460 a multiple of 38?
True
Is 16855287 a multiple of 172?
False
Is 3884 a factor of 277601132?
True
Is 264 a factor of 93887264?
False
Does 6412 divide 258660080?
True
Is 21100716 a multiple of 266?
True
Is 53 a factor of 2011640970?
True
Does 2617 divide 107424708?
False
Is 11169530 a multiple of 19?
True
Is 93736854 a multiple of 821?
True
Is 60508446 a multiple of 100?
False
Does 2 divide 37449773?
False
Is 7 a factor of 7279153?
True
Does 25 divide 5090948?
False
Is 11 a factor of 112790095?
True
Does 443 divide 4962669?
False
Is 6013 a factor of 163036482?
True
Is 359832011 a multiple of 20?
False
Is 2464 a factor of 618358048?
True
Is 6582 a factor of 1247109769?
False
Is 360453210 a multiple of 26?
True
Does 243 divide 68526000?
True
Is 24 a factor of 3251390784?
True
Is 16364527 a multiple of 504?
False
Is 48792817 a multiple of 185?
False
Does 12 divide 2929897645?
False
Does 35 divide 172210430?
True
Is 5996133 a multiple of 6?
False
Is 7231595 a multiple of 632?
False
Is 11350080 a multiple of 5?
True
Is 95 a factor of 14551308?
False
Does 13 divide 298115455?
False
Is 94348128 a multiple of 784?
True
Is 4198 a factor of 50710614?
False
Does 16 divide 630701825?
False
Is 59 a factor of 32942200?
False
Is 99 a factor of 60150328?
False
Is 82 a factor of 1452838?
False
Does 254 divide 4444721?
False
Does 159 divide 443265924?
True
Is 192 a factor of 41855424?
True
Does 812 divide 616031760?
False
Is 2102 a factor of 57746093?
False
Does 183 divide 38781408?
False
Is 3424979 a multiple of 163?
False
Does 27 divide 143723140?
False
Is 87088147 a multiple of 20?
False
Is 4190803695 a multiple of 1615?
False
Is 27356169 a multiple of 1437?
True
Is 46 a factor of 149967067?
False
Does 212 divide 9034058?
False
Does 75 divide 395958000?
True
Does 29 divide 13841903?
True
Is 32401782 a multiple of 18?
True
Does 310 divide 508966060?
True
Does 103 divide 69823899?
False
Does 222 divide 984421926?
True
Does 4 divide 377609614?
False
Is 2809782370 a multiple of 1555?
True
Does 840 divide 29414280?
True
Is 30425734 a multiple of 977?
True
Does 24 divide 120884355?
False
Is 66054526 a multiple of 4?
False
Is 981 a factor of 160691724?
True
Is 47942565 a multiple of 24?
False
Is 106 a factor of 193591127?
False
Is 501749310 a multiple of 1332?
False
Does 166 divide 69737762?
True
Does 4 divide 106319312?
True
Is 8404650 a multiple of 570?
True
Does 2 divide 3141018?
True
Does 16 divide 80250592?
True
Does 100 divide 91223900?
True
Is 2990374181 a multiple of 14?
False
Does 1098 divide 9973134?
True
Does 16 divide 2220123?
False
Does 11 divide 13600532?
True
Is 2786 a factor of 86711514?
False
Does 57 divide 108510851?
False
Is 326815377 a multiple of 5587?
False
Does 29 divide 15604143?
False
Is 109 a factor of 133777322?
False
Does 58 divide 16119704?
False
Does 52 divide 1388425012?
True
Is 3 a factor of 470666114?
False
Does 4377 divide 227249330?
False
Is 13107752 a multiple of 274?
False
Is 13438944 a multiple of 8?
True
Is 267495008 a multiple of 1917?
False
Is 29 a factor of 75503384?
False
Does 26 divide 50425596?
True
Is 1088 a factor of 40193984?
True
Is 26 a factor of 16050372?
True
Is 1877946736 a multiple of 29?
True
Does 132 divide 23189628?
True
Is 15727 a factor of 5030155134?
True
Is 4021 a factor of 25959576?
True
Is 6219362 a multiple of 26?
False
Is 174455424 a multiple of 702?
True
Does 2930 divide 150390277?
False
Is 189785019 a multiple of 111?
False
Is 32 a factor of 939203422?
False
Is 26442485 a multiple of 395?
True
Is 58 a factor of 1208541139?
False
Is 35 a factor of 152619291?
False
Does 759 divide 210531621?
False
Does 351 divide 74902157?
False
Is 152 a factor of 1653067?
False
Is 682 a factor of 4505715?
False
Is 13419134 a multiple of 523?
True
Does 366 divide 5403170892?
True
Is 72717337 a multiple of 7?
True
Is 2870078 a multiple of 86?
True
Does 11 divide 51165792?
False
Is 2276660 a multiple of 38?
False
Is 1733 a factor of 509087413?
False
Does 33 divide 195265818?
True
Is 6 a factor of 7006452?
True
Is 1049349274 a multiple of 246?
False
Is 338528418 a multiple of 10?
False
Is 249 a factor of 6590034?
True
Is 183 a factor of 93549417?
True
Is 13244418 a multiple of 121?
True
Does 3427 divide 18437260?
True
Is 2313592070 a multiple of 960?
False
Is 15543867 a 